CRAN Package Check Results for Package TcGSA

Last updated on 2022-04-08 01:49:00 CEST.

Flavor Version Tinstall Tcheck Ttotal Status Flags
r-devel-linux-x86_64-debian-clang 0.12.10 19.33 172.54 191.87 OK
r-devel-linux-x86_64-debian-gcc 0.12.10 15.58 130.53 146.11 OK
r-devel-linux-x86_64-fedora-clang 0.12.10 245.59 NOTE
r-devel-linux-x86_64-fedora-gcc 0.12.10 235.41 NOTE
r-devel-windows-x86_64-new-UL 0.12.10 27.00 191.00 218.00 OK
r-patched-linux-x86_64 0.12.10 23.75 163.14 186.89 OK
r-release-linux-x86_64 0.12.10 14.84 140.76 155.60 OK
r-release-macos-arm64 0.12.10 NOTE
r-release-macos-x86_64 0.12.10 NOTE
r-release-windows-ix86+x86_64 0.12.10 40.00 157.00 197.00 OK
r-oldrel-macos-x86_64 0.12.10 NOTE
r-oldrel-windows-ix86+x86_64 0.12.10 39.00 159.00 198.00 OK

Check Details

Version: 0.12.10
Check: package dependencies
Result: NOTE
    Package suggested but not available for checking: ‘dearseq’
Flavors: r-devel-linux-x86_64-fedora-clang, r-devel-linux-x86_64-fedora-gcc, r-release-macos-arm64, r-release-macos-x86_64, r-oldrel-macos-x86_64

Version: 0.12.10
Check: Rd cross-references
Result: NOTE
    Package unavailable to check Rd xrefs: ‘dearseq’
Flavors: r-devel-linux-x86_64-fedora-clang, r-devel-linux-x86_64-fedora-gcc, r-release-macos-arm64, r-release-macos-x86_64, r-oldrel-macos-x86_64