CRAN Package Check Results for Package TTmoment

Last updated on 2022-04-08 01:49:01 CEST.

Flavor Version Tinstall Tcheck Ttotal Status Flags
r-devel-linux-x86_64-debian-clang 1.0 1.68 37.42 39.10 NOTE
r-devel-linux-x86_64-debian-gcc 1.0 1.67 28.71 30.38 NOTE
r-devel-linux-x86_64-fedora-clang 1.0 48.72 NOTE
r-devel-linux-x86_64-fedora-gcc 1.0 36.65 NOTE
r-devel-windows-x86_64-new-UL 1.0 12.00 164.00 176.00 NOTE
r-patched-linux-x86_64 1.0 1.77 35.41 37.18 NOTE
r-release-linux-x86_64 1.0 2.40 35.36 37.76 NOTE
r-release-macos-arm64 1.0 NOTE
r-release-macos-x86_64 1.0 NOTE
r-release-windows-ix86+x86_64 1.0 4.00 44.00 48.00 NOTE
r-oldrel-macos-x86_64 1.0 NOTE
r-oldrel-windows-ix86+x86_64 1.0 4.00 52.00 56.00 NOTE

Check Details

Version: 1.0
Check: R code for possible problems
Result: NOTE
    TT.GS : TT.GS.sp: no visible global function definition for 'qt'
    TT.GS : TT.GS.sp: no visible global function definition for 'runif'
    TT.GS : TT.GS.sp: no visible global function definition for 'pt'
    TT.moment: no visible global function definition for 'dt'
    TT.moment: no visible global function definition for 'pt'
    Undefined global functions or variables:
     dt pt qt runif
    Consider adding
     importFrom("stats", "dt", "pt", "qt", "runif")
    to your NAMESPACE file.
Flavors: r-devel-linux-x86_64-debian-clang, r-devel-linux-x86_64-debian-gcc, r-devel-linux-x86_64-fedora-clang, r-devel-linux-x86_64-fedora-gcc, r-devel-windows-x86_64-new-UL, r-patched-linux-x86_64, r-release-linux-x86_64, r-release-macos-arm64, r-release-macos-x86_64, r-release-windows-ix86+x86_64, r-oldrel-macos-x86_64, r-oldrel-windows-ix86+x86_64