CRAN Package Check Results for Package TSDFGS

Last updated on 2022-04-08 01:49:01 CEST.

Flavor Version Tinstall Tcheck Ttotal Status Flags
r-devel-linux-x86_64-debian-clang 1.0 32.09 41.17 73.26 OK
r-devel-linux-x86_64-debian-gcc 1.0 26.75 33.57 60.32 OK
r-devel-linux-x86_64-fedora-clang 1.0 109.07 NOTE
r-devel-linux-x86_64-fedora-gcc 1.0 83.17 OK
r-devel-windows-x86_64-new-UL 1.0 33.00 83.00 116.00 OK
r-patched-linux-x86_64 1.0 24.68 41.49 66.17 OK
r-release-linux-x86_64 1.0 24.58 40.13 64.71 OK
r-release-macos-arm64 1.0 NOTE
r-release-macos-x86_64 1.0 NOTE
r-release-windows-ix86+x86_64 1.0 78.00 76.00 154.00 OK
r-oldrel-macos-x86_64 1.0 NOTE
r-oldrel-windows-ix86+x86_64 1.0 76.00 74.00 150.00 OK

Check Details

Version: 1.0
Check: installed package size
Result: NOTE
     installed size is 8.3Mb
     sub-directories of 1Mb or more:
     data 1.2Mb
     libs 7.0Mb
Flavors: r-devel-linux-x86_64-fedora-clang, r-release-macos-arm64, r-release-macos-x86_64, r-oldrel-macos-x86_64

Version: 1.0
Check: Rd cross-references
Result: NOTE
    Undeclared package ‘STPGA’ in Rd xrefs
Flavor: r-devel-linux-x86_64-fedora-clang