CRAN Package Check Results for Package TDAkit

Last updated on 2022-04-08 01:49:00 CEST.

Flavor Version Tinstall Tcheck Ttotal Status Flags
r-devel-linux-x86_64-debian-clang 0.1.2 69.50 200.27 269.77 OK
r-devel-linux-x86_64-debian-gcc 0.1.2 57.08 147.92 205.00 OK
r-devel-linux-x86_64-fedora-clang 0.1.2 362.20 NOTE
r-devel-linux-x86_64-fedora-gcc 0.1.2 314.39 OK
r-devel-windows-x86_64-new-UL 0.1.2 68.00 317.00 385.00 OK
r-patched-linux-x86_64 0.1.2 70.62 189.09 259.71 OK
r-release-linux-x86_64 0.1.2 66.92 176.93 243.85 OK
r-release-macos-arm64 0.1.2 OK
r-release-macos-x86_64 0.1.2 OK
r-release-windows-ix86+x86_64 0.1.2 179.00 526.00 705.00 OK
r-oldrel-macos-x86_64 0.1.2 OK
r-oldrel-windows-ix86+x86_64 0.1.2 177.00 503.00 680.00 OK

Check Details

Version: 0.1.2
Check: Rd cross-references
Result: NOTE
    Undeclared package ‘Rtsne’ in Rd xrefs
Flavor: r-devel-linux-x86_64-fedora-clang