CRAN Package Check Results for Package TCA

Last updated on 2022-04-08 01:49:00 CEST.

Flavor Version Tinstall Tcheck Ttotal Status Flags
r-devel-linux-x86_64-debian-clang 1.2.1 10.45 97.82 108.27 NOTE
r-devel-linux-x86_64-debian-gcc 1.2.1 8.96 72.72 81.68 NOTE
r-devel-linux-x86_64-fedora-clang 1.2.1 137.44 NOTE
r-devel-linux-x86_64-fedora-gcc 1.2.1 115.01 NOTE
r-devel-windows-x86_64-new-UL 1.2.1 16.00 115.00 131.00 NOTE
r-patched-linux-x86_64 1.2.1 10.95 92.48 103.43 NOTE
r-release-linux-x86_64 1.2.1 8.08 85.92 94.00 NOTE
r-release-macos-arm64 1.2.1 NOTE
r-release-macos-x86_64 1.2.1 NOTE
r-release-windows-ix86+x86_64 1.2.1 22.00 103.00 125.00 NOTE
r-oldrel-macos-x86_64 1.2.1 NOTE
r-oldrel-windows-ix86+x86_64 1.2.1 21.00 101.00 122.00 OK

Check Details

Version: 1.2.1
Check: LazyData
Result: NOTE
     'LazyData' is specified without a 'data' directory
Flavors: r-devel-linux-x86_64-debian-clang, r-devel-linux-x86_64-debian-gcc, r-devel-linux-x86_64-fedora-clang, r-devel-linux-x86_64-fedora-gcc, r-devel-windows-x86_64-new-UL, r-patched-linux-x86_64, r-release-linux-x86_64, r-release-macos-arm64, r-release-macos-x86_64, r-release-windows-ix86+x86_64

Version: 1.2.1
Check: dependencies in R code
Result: NOTE
    Namespaces in Imports field not imported from:
     ‘Matrix’ ‘quadprog’
     All declared Imports should be used.
Flavors: r-devel-linux-x86_64-fedora-clang, r-devel-linux-x86_64-fedora-gcc, r-release-macos-arm64, r-release-macos-x86_64, r-oldrel-macos-x86_64