CRAN Package Check Results for Package TAShiny

Last updated on 2022-04-08 01:49:00 CEST.

Flavor Version Tinstall Tcheck Ttotal Status Flags
r-devel-linux-x86_64-debian-clang 0.1.0 1.73 29.61 31.34 NOTE
r-devel-linux-x86_64-debian-gcc 0.1.0 1.69 23.24 24.93 NOTE
r-devel-linux-x86_64-fedora-clang 0.1.0 40.61 NOTE
r-devel-linux-x86_64-fedora-gcc 0.1.0 27.20 NOTE
r-devel-windows-x86_64-new-UL 0.1.0 9.00 45.00 54.00 NOTE
r-patched-linux-x86_64 0.1.0 2.06 28.37 30.43 NOTE
r-release-linux-x86_64 0.1.0 1.91 27.90 29.81 NOTE
r-release-macos-arm64 0.1.0 NOTE
r-release-macos-x86_64 0.1.0 NOTE
r-release-windows-ix86+x86_64 0.1.0 5.00 35.00 40.00 NOTE
r-oldrel-macos-x86_64 0.1.0 NOTE
r-oldrel-windows-ix86+x86_64 0.1.0 6.00 36.00 42.00 OK

Check Details

Version: 0.1.0
Check: LazyData
Result: NOTE
     'LazyData' is specified without a 'data' directory
Flavors: r-devel-linux-x86_64-debian-clang, r-devel-linux-x86_64-debian-gcc, r-devel-linux-x86_64-fedora-clang, r-devel-linux-x86_64-fedora-gcc, r-devel-windows-x86_64-new-UL, r-patched-linux-x86_64, r-release-linux-x86_64, r-release-macos-arm64, r-release-macos-x86_64, r-release-windows-ix86+x86_64

Version: 0.1.0
Check: dependencies in R code
Result: NOTE
    Namespaces in Imports field not imported from:
     ‘SnowballC’ ‘dplyr’ ‘igraph’ ‘tm’ ‘wordcloud2’
     All declared Imports should be used.
Flavors: r-devel-linux-x86_64-fedora-clang, r-devel-linux-x86_64-fedora-gcc, r-release-macos-arm64, r-release-macos-x86_64, r-oldrel-macos-x86_64