CRAN Package Check Results for Package T4cluster

Last updated on 2022-04-08 01:49:00 CEST.

Flavor Version Tinstall Tcheck Ttotal Status Flags
r-devel-linux-x86_64-debian-clang 0.1.2 243.90 212.14 456.04 OK
r-devel-linux-x86_64-debian-gcc 0.1.2 193.75 155.84 349.59 OK
r-devel-linux-x86_64-fedora-clang 0.1.2 671.18 NOTE
r-devel-linux-x86_64-fedora-gcc 0.1.2 548.89 OK
r-devel-windows-x86_64-new-UL 0.1.2 211.00 338.00 549.00 OK
r-patched-linux-x86_64 0.1.2 200.36 203.57 403.93 OK
r-release-linux-x86_64 0.1.2 175.77 184.48 360.25 OK
r-release-macos-arm64 0.1.2 NOTE
r-release-macos-x86_64 0.1.2 NOTE
r-release-windows-ix86+x86_64 0.1.2 539.00 400.00 939.00 OK
r-oldrel-macos-x86_64 0.1.2 NOTE
r-oldrel-windows-ix86+x86_64 0.1.2 544.00 369.00 913.00 OK

Check Details

Version: 0.1.2
Check: installed package size
Result: NOTE
     installed size is 10.2Mb
     sub-directories of 1Mb or more:
     libs 9.7Mb
Flavors: r-devel-linux-x86_64-fedora-clang, r-release-macos-arm64, r-release-macos-x86_64, r-oldrel-macos-x86_64

Version: 0.1.2
Check: Rd cross-references
Result: NOTE
    Undeclared package ‘HSAUR3’ in Rd xrefs
Flavor: r-devel-linux-x86_64-fedora-clang