Last updated on 2022-04-08 01:49:00 CEST.
Flavor | Version | Tinstall | Tcheck | Ttotal | Status | Flags |
---|---|---|---|---|---|---|
r-devel-linux-x86_64-debian-clang | 1.0.1 | 2.31 | 44.28 | 46.59 | OK | |
r-devel-linux-x86_64-debian-gcc | 1.0.1 | 2.38 | 33.85 | 36.23 | OK | |
r-devel-linux-x86_64-fedora-clang | 1.0.1 | 58.44 | NOTE | |||
r-devel-linux-x86_64-fedora-gcc | 1.0.1 | 44.40 | NOTE | |||
r-devel-windows-x86_64-new-UL | 1.0.1 | 20.00 | 68.00 | 88.00 | OK | |
r-patched-linux-x86_64 | 1.0.1 | 3.02 | 41.45 | 44.47 | OK | |
r-release-linux-x86_64 | 1.0.1 | 2.23 | 41.19 | 43.42 | OK | |
r-release-macos-arm64 | 1.0.1 | NOTE | ||||
r-release-macos-x86_64 | 1.0.1 | NOTE | ||||
r-release-windows-ix86+x86_64 | 1.0.1 | 6.00 | 52.00 | 58.00 | OK | |
r-oldrel-macos-x86_64 | 1.0.1 | NOTE | ||||
r-oldrel-windows-ix86+x86_64 | 1.0.1 | 7.00 | 51.00 | 58.00 | OK |
Version: 1.0.1
Check: dependencies in R code
Result: NOTE
Namespace in Imports field not imported from: ‘utils’
All declared Imports should be used.
Flavors: r-devel-linux-x86_64-fedora-clang, r-devel-linux-x86_64-fedora-gcc, r-release-macos-arm64, r-release-macos-x86_64, r-oldrel-macos-x86_64