CRAN Package Check Results for Package SurvHiDim

Last updated on 2022-04-08 01:49:00 CEST.

Flavor Version Tinstall Tcheck Ttotal Status Flags
r-devel-linux-x86_64-debian-clang 0.1.1 20.00 165.07 185.07 OK
r-devel-linux-x86_64-debian-gcc 0.1.1 15.45 125.24 140.69 OK
r-devel-linux-x86_64-fedora-clang 0.1.1 229.60 NOTE
r-devel-linux-x86_64-fedora-gcc 0.1.1 201.07 NOTE
r-devel-windows-x86_64-new-UL 0.1.1 23.00 172.00 195.00 OK
r-patched-linux-x86_64 0.1.1 13.96 155.56 169.52 OK
r-release-linux-x86_64 0.1.1 16.56 145.59 162.15 OK
r-release-macos-arm64 0.1.1 NOTE
r-release-macos-x86_64 0.1.1 NOTE
r-release-windows-ix86+x86_64 0.1.1 32.00 165.00 197.00 OK
r-oldrel-macos-x86_64 0.1.1 NOTE
r-oldrel-windows-ix86+x86_64 0.1.1 41.00 167.00 208.00 OK

Check Details

Version: 0.1.1
Check: dependencies in R code
Result: NOTE
    Namespace in Imports field not imported from: ‘readr’
     All declared Imports should be used.
Flavors: r-devel-linux-x86_64-fedora-clang, r-devel-linux-x86_64-fedora-gcc, r-release-macos-arm64, r-release-macos-x86_64, r-oldrel-macos-x86_64