CRAN Package Check Results for Package StepwiseTest

Last updated on 2022-04-08 01:49:00 CEST.

Flavor Version Tinstall Tcheck Ttotal Status Flags
r-devel-linux-x86_64-debian-clang 1.0 33.76 35.79 69.55 OK
r-devel-linux-x86_64-debian-gcc 1.0 25.17 28.14 53.31 OK
r-devel-linux-x86_64-fedora-clang 1.0 96.08 NOTE
r-devel-linux-x86_64-fedora-gcc 1.0 74.90 NOTE
r-devel-windows-x86_64-new-UL 1.0 30.00 74.00 104.00 OK
r-patched-linux-x86_64 1.0 28.09 11.05 39.14 ERROR
r-release-linux-x86_64 1.0 23.59 34.12 57.71 OK
r-release-macos-arm64 1.0 OK
r-release-macos-x86_64 1.0 OK
r-release-windows-ix86+x86_64 1.0 76.00 67.00 143.00 OK
r-oldrel-macos-x86_64 1.0 OK
r-oldrel-windows-ix86+x86_64 1.0 76.00 65.00 141.00 OK

Check Details

Version: 1.0
Check: compiled code
Result: NOTE
    File ‘StepwiseTest/libs/StepwiseTest.so’:
     Found no calls to: ‘R_registerRoutines’, ‘R_useDynamicSymbols’
    
    It is good practice to register native routines and to disable symbol
    search.
    
    See ‘Writing portable packages’ in the ‘Writing R Extensions’ manual.
Flavors: r-devel-linux-x86_64-fedora-clang, r-devel-linux-x86_64-fedora-gcc

Version: 1.0
Check: whether package can be installed
Result: ERROR
    Installation failed.
Flavor: r-patched-linux-x86_64