CRAN Package Check Results for Package StempCens

Last updated on 2022-04-08 01:49:00 CEST.

Flavor Version Tinstall Tcheck Ttotal Status Flags
r-devel-linux-x86_64-debian-clang 1.1.0 49.55 127.87 177.42 OK
r-devel-linux-x86_64-debian-gcc 1.1.0 43.76 94.38 138.14 OK
r-devel-linux-x86_64-fedora-clang 1.1.0 242.31 OK
r-devel-linux-x86_64-fedora-gcc 1.1.0 210.52 OK
r-devel-windows-x86_64-new-UL 1.1.0 50.00 164.00 214.00 OK
r-patched-linux-x86_64 1.1.0 48.73 119.03 167.76 OK
r-release-linux-x86_64 1.1.0 47.92 112.74 160.66 OK
r-release-macos-arm64 1.1.0 NOTE
r-release-macos-x86_64 1.1.0 OK
r-release-windows-ix86+x86_64 1.1.0 120.00 184.00 304.00 OK
r-oldrel-macos-x86_64 1.1.0 OK
r-oldrel-windows-ix86+x86_64 1.1.0 122.00 192.00 314.00 OK

Check Details

Version: 1.1.0
Check: installed package size
Result: NOTE
     installed size is 5.1Mb
     sub-directories of 1Mb or more:
     libs 4.9Mb
Flavor: r-release-macos-arm64