CRAN Package Check Results for Package StMoSim

Last updated on 2022-04-08 01:49:00 CEST.

Flavor Version Tinstall Tcheck Ttotal Status Flags
r-devel-linux-x86_64-debian-clang 3.1.1 20.42 37.18 57.60 NOTE
r-devel-linux-x86_64-debian-gcc 3.1.1 15.81 29.64 45.45 NOTE
r-devel-linux-x86_64-fedora-clang 3.1.1 81.93 NOTE
r-devel-linux-x86_64-fedora-gcc 3.1.1 61.81 NOTE
r-devel-windows-x86_64-new-UL 3.1.1 26.00 80.00 106.00 NOTE
r-patched-linux-x86_64 3.1.1 18.83 36.57 55.40 NOTE
r-release-linux-x86_64 3.1.1 14.70 34.86 49.56 NOTE
r-release-macos-arm64 3.1.1 NOTE
r-release-macos-x86_64 3.1.1 NOTE
r-release-windows-ix86+x86_64 3.1.1 52.00 69.00 121.00 NOTE
r-oldrel-macos-x86_64 3.1.1 NOTE
r-oldrel-windows-ix86+x86_64 3.1.1 53.00 72.00 125.00 NOTE

Check Details

Version: 3.1.1
Check: for GNU extensions in Makefiles
Result: NOTE
    GNU make is a SystemRequirements.
Flavors: r-devel-linux-x86_64-debian-clang, r-devel-linux-x86_64-debian-gcc, r-devel-linux-x86_64-fedora-clang, r-devel-linux-x86_64-fedora-gcc, r-devel-windows-x86_64-new-UL, r-patched-linux-x86_64, r-release-linux-x86_64, r-release-macos-arm64, r-release-macos-x86_64, r-release-windows-ix86+x86_64, r-oldrel-macos-x86_64, r-oldrel-windows-ix86+x86_64