Last updated on 2022-04-08 01:48:59 CEST.
Flavor | Version | Tinstall | Tcheck | Ttotal | Status | Flags |
---|---|---|---|---|---|---|
r-devel-linux-x86_64-debian-clang | 0.1.0 | 3.02 | 39.63 | 42.65 | NOTE | |
r-devel-linux-x86_64-debian-gcc | 0.1.0 | 1.83 | 30.77 | 32.60 | NOTE | |
r-devel-linux-x86_64-fedora-clang | 0.1.0 | 53.50 | NOTE | |||
r-devel-linux-x86_64-fedora-gcc | 0.1.0 | 40.02 | NOTE | |||
r-devel-windows-x86_64-new-UL | 0.1.0 | 23.00 | 61.00 | 84.00 | NOTE | |
r-patched-linux-x86_64 | 0.1.0 | 3.26 | 38.64 | 41.90 | NOTE | |
r-release-linux-x86_64 | 0.1.0 | 1.78 | 37.44 | 39.22 | NOTE | |
r-release-macos-arm64 | 0.1.0 | NOTE | ||||
r-release-macos-x86_64 | 0.1.0 | NOTE | ||||
r-release-windows-ix86+x86_64 | 0.1.0 | 6.00 | 47.00 | 53.00 | NOTE | |
r-oldrel-macos-x86_64 | 0.1.0 | NOTE | ||||
r-oldrel-windows-ix86+x86_64 | 0.1.0 | 6.00 | 48.00 | 54.00 | OK |
Version: 0.1.0
Check: LazyData
Result: NOTE
'LazyData' is specified without a 'data' directory
Flavors: r-devel-linux-x86_64-debian-clang, r-devel-linux-x86_64-debian-gcc, r-devel-linux-x86_64-fedora-clang, r-devel-linux-x86_64-fedora-gcc, r-devel-windows-x86_64-new-UL, r-patched-linux-x86_64, r-release-linux-x86_64, r-release-macos-arm64, r-release-macos-x86_64, r-release-windows-ix86+x86_64
Version: 0.1.0
Check: dependencies in R code
Result: NOTE
Namespace in Imports field not imported from: ‘sampling’
All declared Imports should be used.
Flavors: r-devel-linux-x86_64-fedora-clang, r-devel-linux-x86_64-fedora-gcc, r-release-macos-arm64, r-release-macos-x86_64, r-oldrel-macos-x86_64