CRAN Package Check Results for Package SpatEntropy

Last updated on 2022-04-08 01:48:59 CEST.

Flavor Version Tinstall Tcheck Ttotal Status Flags
r-devel-linux-x86_64-debian-clang 2.1-1 10.93 105.75 116.68 OK
r-devel-linux-x86_64-debian-gcc 2.1-1 8.94 81.85 90.79 OK
r-devel-linux-x86_64-fedora-clang 2.1-1 141.46 NOTE
r-devel-linux-x86_64-fedora-gcc 2.1-1 129.07 NOTE
r-devel-windows-x86_64-new-UL 2.1-1 34.00 130.00 164.00 OK
r-patched-linux-x86_64 2.1-1 9.05 104.47 113.52 OK
r-release-linux-x86_64 2.1-1 8.25 97.32 105.57 OK
r-release-macos-arm64 2.1-1 NOTE
r-release-macos-x86_64 2.1-1 NOTE
r-release-windows-ix86+x86_64 2.1-1 21.00 112.00 133.00 OK
r-oldrel-macos-x86_64 2.1-1 NOTE
r-oldrel-windows-ix86+x86_64 2.1-1 22.00 116.00 138.00 OK

Check Details

Version: 2.1-1
Check: dependencies in R code
Result: NOTE
    Namespaces in Imports field not imported from:
     ‘spatstat.core’ ‘spatstat.linnet’
     All declared Imports should be used.
Flavors: r-devel-linux-x86_64-fedora-clang, r-devel-linux-x86_64-fedora-gcc, r-release-macos-arm64, r-release-macos-x86_64, r-oldrel-macos-x86_64