CRAN Package Check Results for Package SparseTSCGM

Last updated on 2022-04-08 01:48:59 CEST.

Flavor Version Tinstall Tcheck Ttotal Status Flags
r-devel-linux-x86_64-debian-clang 4.0 12.94 115.17 128.11 OK
r-devel-linux-x86_64-debian-gcc 4.0 9.60 88.04 97.64 OK
r-devel-linux-x86_64-fedora-clang 4.0 153.60 NOTE
r-devel-linux-x86_64-fedora-gcc 4.0 138.51 NOTE
r-devel-windows-x86_64-new-UL 4.0 26.00 132.00 158.00 OK
r-patched-linux-x86_64 4.0 13.20 107.52 120.72 OK
r-release-linux-x86_64 4.0 10.18 102.46 112.64 OK
r-release-macos-arm64 4.0 OK
r-release-macos-x86_64 4.0 OK
r-release-windows-ix86+x86_64 4.0 26.00 165.00 191.00 OK
r-oldrel-macos-x86_64 4.0 OK
r-oldrel-windows-ix86+x86_64 4.0 27.00 170.00 197.00 OK

Check Details

Version: 4.0
Check: compiled code
Result: NOTE
    File ‘SparseTSCGM/libs/SparseTSCGM.so’:
     Found no calls to: ‘R_registerRoutines’, ‘R_useDynamicSymbols’
    
    It is good practice to register native routines and to disable symbol
    search.
    
    See ‘Writing portable packages’ in the ‘Writing R Extensions’ manual.
Flavors: r-devel-linux-x86_64-fedora-clang, r-devel-linux-x86_64-fedora-gcc