CRAN Package Check Results for Package SparseFactorAnalysis

Last updated on 2022-04-08 01:48:59 CEST.

Flavor Version Tinstall Tcheck Ttotal Status Flags
r-devel-linux-x86_64-debian-clang 1.0 64.25 91.80 156.05 OK
r-devel-linux-x86_64-debian-gcc 1.0 53.05 66.43 119.48 OK
r-devel-linux-x86_64-fedora-clang 1.0 212.97 NOTE
r-devel-linux-x86_64-fedora-gcc 1.0 180.87 NOTE
r-devel-windows-x86_64-new-UL 1.0 73.00 124.00 197.00 OK
r-patched-linux-x86_64 1.0 54.68 81.88 136.56 OK
r-release-linux-x86_64 1.0 60.76 78.69 139.45 OK
r-release-macos-arm64 1.0 OK
r-release-macos-x86_64 1.0 OK
r-release-windows-ix86+x86_64 1.0 159.00 126.00 285.00 OK
r-oldrel-macos-x86_64 1.0 OK
r-oldrel-windows-ix86+x86_64 1.0 162.00 133.00 295.00 OK

Check Details

Version: 1.0
Check: compiled code
Result: NOTE
    File ‘SparseFactorAnalysis/libs/SparseFactorAnalysis.so’:
     Found no calls to: ‘R_registerRoutines’, ‘R_useDynamicSymbols’
    
    It is good practice to register native routines and to disable symbol
    search.
    
    See ‘Writing portable packages’ in the ‘Writing R Extensions’ manual.
Flavors: r-devel-linux-x86_64-fedora-clang, r-devel-linux-x86_64-fedora-gcc