CRAN Package Check Results for Package SpaTimeClus

Last updated on 2022-04-08 01:48:59 CEST.

Flavor Version Tinstall Tcheck Ttotal Status Flags
r-devel-linux-x86_64-debian-clang 1.0.1 86.52 40.24 126.76 OK
r-devel-linux-x86_64-debian-gcc 1.0.1 71.55 31.81 103.36 OK
r-devel-linux-x86_64-fedora-clang 1.0.1 196.74 NOTE
r-devel-linux-x86_64-fedora-gcc 1.0.1 166.32 NOTE
r-devel-windows-x86_64-new-UL 1.0.1 81.00 86.00 167.00 OK
r-patched-linux-x86_64 1.0.1 80.91 39.72 120.63 OK
r-release-linux-x86_64 1.0.1 78.28 38.62 116.90 OK
r-release-macos-arm64 1.0.1 NOTE
r-release-macos-x86_64 1.0.1 OK
r-release-windows-ix86+x86_64 1.0.1 216.00 72.00 288.00 OK
r-oldrel-macos-x86_64 1.0.1 OK
r-oldrel-windows-ix86+x86_64 1.0.1 217.00 77.00 294.00 OK

Check Details

Version: 1.0.1
Check: compiled code
Result: NOTE
    File ‘SpaTimeClus/libs/SpaTimeClus.so’:
     Found no calls to: ‘R_registerRoutines’, ‘R_useDynamicSymbols’
    
    It is good practice to register native routines and to disable symbol
    search.
    
    See ‘Writing portable packages’ in the ‘Writing R Extensions’ manual.
Flavors: r-devel-linux-x86_64-fedora-clang, r-devel-linux-x86_64-fedora-gcc

Version: 1.0.1
Check: installed package size
Result: NOTE
     installed size is 5.6Mb
     sub-directories of 1Mb or more:
     libs 5.4Mb
Flavor: r-release-macos-arm64