CRAN Package Check Results for Package SmoothWin

Last updated on 2022-04-08 01:48:59 CEST.

Flavor Version Tinstall Tcheck Ttotal Status Flags
r-devel-linux-x86_64-debian-clang 3.0.0 3.60 51.83 55.43 OK
r-devel-linux-x86_64-debian-gcc 3.0.0 2.81 39.32 42.13 OK
r-devel-linux-x86_64-fedora-clang 3.0.0 65.58 NOTE
r-devel-linux-x86_64-fedora-gcc 3.0.0 52.78 NOTE
r-devel-windows-x86_64-new-UL 3.0.0 9.00 77.00 86.00 OK
r-patched-linux-x86_64 3.0.0 3.69 48.19 51.88 OK
r-release-linux-x86_64 3.0.0 3.36 48.58 51.94 OK
r-release-macos-arm64 3.0.0 NOTE
r-release-macos-x86_64 3.0.0 NOTE
r-release-windows-ix86+x86_64 3.0.0 7.00 59.00 66.00 OK
r-oldrel-macos-x86_64 3.0.0 NOTE
r-oldrel-windows-ix86+x86_64 3.0.0 8.00 62.00 70.00 OK

Check Details

Version: 3.0.0
Check: dependencies in R code
Result: NOTE
    Namespace in Imports field not imported from: ‘nlme’
     All declared Imports should be used.
Flavors: r-devel-linux-x86_64-fedora-clang, r-devel-linux-x86_64-fedora-gcc, r-release-macos-arm64, r-release-macos-x86_64, r-oldrel-macos-x86_64