CRAN Package Check Results for Package SkeweDF

Last updated on 2022-04-08 01:48:59 CEST.

Flavor Version Tinstall Tcheck Ttotal Status Flags
r-devel-linux-x86_64-debian-clang 0.1.0 39.35 71.51 110.86 NOTE
r-devel-linux-x86_64-debian-gcc 0.1.0 28.24 53.60 81.84 NOTE
r-devel-linux-x86_64-fedora-clang 0.1.0 148.55 NOTE
r-devel-linux-x86_64-fedora-gcc 0.1.0 119.78 NOTE
r-devel-windows-x86_64-new-UL 0.1.0 46.00 105.00 151.00 NOTE
r-patched-linux-x86_64 0.1.0 33.61 68.10 101.71 NOTE
r-release-linux-x86_64 0.1.0 30.75 63.30 94.05 NOTE
r-release-macos-arm64 0.1.0 NOTE
r-release-macos-x86_64 0.1.0 NOTE
r-release-windows-ix86+x86_64 0.1.0 89.00 109.00 198.00 NOTE
r-oldrel-macos-x86_64 0.1.0 OK
r-oldrel-windows-ix86+x86_64 0.1.0 90.00 111.00 201.00 OK

Check Details

Version: 0.1.0
Check: LazyData
Result: NOTE
     'LazyData' is specified without a 'data' directory
Flavors: r-devel-linux-x86_64-debian-clang, r-devel-linux-x86_64-debian-gcc, r-devel-linux-x86_64-fedora-clang, r-devel-linux-x86_64-fedora-gcc, r-devel-windows-x86_64-new-UL, r-patched-linux-x86_64, r-release-linux-x86_64, r-release-macos-arm64, r-release-macos-x86_64, r-release-windows-ix86+x86_64