CRAN Package Check Results for Package Seurat

Last updated on 2022-04-08 01:48:58 CEST.

Flavor Version Tinstall Tcheck Ttotal Status Flags
r-devel-linux-x86_64-debian-clang 4.1.0 148.57 440.56 589.13 OK
r-devel-linux-x86_64-debian-gcc 4.1.0 105.49 317.09 422.58 OK
r-devel-linux-x86_64-fedora-clang 4.1.0 753.86 NOTE
r-devel-linux-x86_64-fedora-gcc 4.1.0 729.15 OK
r-devel-windows-x86_64-new-UL 4.1.0 190.00 469.00 659.00 OK
r-patched-linux-x86_64 4.1.0 93.37 408.22 501.59 OK
r-release-linux-x86_64 4.1.0 84.81 391.91 476.72 OK
r-release-macos-arm64 4.1.0 NOTE
r-release-macos-x86_64 4.1.0 NOTE
r-release-windows-ix86+x86_64 4.1.0 293.00 685.00 978.00 OK
r-oldrel-macos-x86_64 4.1.0 NOTE
r-oldrel-windows-ix86+x86_64 4.1.0 211.00 8.00 219.00 ERROR

Check Details

Version: 4.1.0
Check: package dependencies
Result: NOTE
    Imports includes 41 non-default packages.
    Importing from so many packages makes the package vulnerable to any of
    them becoming unavailable. Move as many as possible to Suggests and
    use conditionally.
Flavor: r-devel-linux-x86_64-fedora-clang

Version: 4.1.0
Check: installed package size
Result: NOTE
     installed size is 8.3Mb
     sub-directories of 1Mb or more:
     R 1.3Mb
     libs 6.3Mb
Flavors: r-devel-linux-x86_64-fedora-clang, r-release-macos-arm64, r-release-macos-x86_64, r-oldrel-macos-x86_64

Version: 4.1.0
Check: Rd cross-references
Result: NOTE
    Undeclared package ‘Signac’ in Rd xrefs
Flavor: r-devel-linux-x86_64-fedora-clang

Version: 4.1.0
Check: package dependencies
Result: NOTE
    Package suggested but not available for checking: ‘monocle’
Flavor: r-release-macos-arm64

Version: 4.1.0
Check: package dependencies
Result: NOTE
    Packages suggested but not available for checking: 'MAST', 'monocle'
Flavor: r-oldrel-macos-x86_64

Version: 4.1.0
Check: dependencies in R code
Result: NOTE
    Missing or unexported objects:
     ‘SingleCellExperiment::mainExpName’
     ‘SingleCellExperiment::mainExpName<-’
Flavor: r-oldrel-macos-x86_64

Version: 4.1.0
Check: whether package can be installed
Result: ERROR
    Installation failed.
Flavor: r-oldrel-windows-ix86+x86_64