CRAN Package Check Results for Package SeqKat

Last updated on 2022-04-08 01:48:58 CEST.

Flavor Version Tinstall Tcheck Ttotal Status Flags
r-devel-linux-x86_64-debian-clang 0.0.8 33.35 57.35 90.70 OK
r-devel-linux-x86_64-debian-gcc 0.0.8 26.60 44.69 71.29 OK
r-devel-linux-x86_64-fedora-clang 0.0.8 129.70 OK
r-devel-linux-x86_64-fedora-gcc 0.0.8 102.13 OK
r-devel-windows-x86_64-new-UL 0.0.8 65.00 121.00 186.00 NOTE
r-patched-linux-x86_64 0.0.8 31.52 57.01 88.53 OK
r-release-linux-x86_64 0.0.8 28.81 54.08 82.89 OK
r-release-macos-arm64 0.0.8 OK
r-release-macos-x86_64 0.0.8 OK
r-release-windows-ix86+x86_64 0.0.8 89.00 111.00 200.00 NOTE
r-oldrel-macos-x86_64 0.0.8 OK
r-oldrel-windows-ix86+x86_64 0.0.8 87.00 132.00 219.00 NOTE

Check Details

Version: 0.0.8
Check: package dependencies
Result: NOTE
    Package suggested but not available for checking: 'doMC'
Flavors: r-devel-windows-x86_64-new-UL, r-release-windows-ix86+x86_64, r-oldrel-windows-ix86+x86_64