CRAN Package Check Results for Package STraTUS

Last updated on 2022-04-08 01:49:00 CEST.

Flavor Version Tinstall Tcheck Ttotal Status Flags
r-devel-linux-x86_64-debian-clang 1.1.2 15.09 143.37 158.46 OK
r-devel-linux-x86_64-debian-gcc 1.1.2 11.59 107.81 119.40 OK
r-devel-linux-x86_64-fedora-clang 1.1.2 199.88 OK
r-devel-linux-x86_64-fedora-gcc 1.1.2 173.52 OK
r-devel-windows-x86_64-new-UL 1.1.2 22.00 151.00 173.00 OK
r-patched-linux-x86_64 1.1.2 12.53 135.33 147.86 OK
r-release-linux-x86_64 1.1.2 10.94 124.70 135.64 OK
r-release-macos-arm64 1.1.2 OK
r-release-macos-x86_64 1.1.2 OK
r-release-windows-ix86+x86_64 1.1.2 33.00 140.00 173.00 OK
r-oldrel-macos-x86_64 1.1.2 ERROR
r-oldrel-windows-ix86+x86_64 1.1.2 5.00 9.00 14.00 ERROR

Check Details

Version: 1.1.2
Check: package dependencies
Result: ERROR
    Package required but not available: ‘ggtree’
    
    See section ‘The DESCRIPTION file’ in the ‘Writing R Extensions’
    manual.
Flavor: r-oldrel-macos-x86_64

Version: 1.1.2
Check: whether package can be installed
Result: ERROR
    Installation failed.
Flavor: r-oldrel-windows-ix86+x86_64