CRAN Package Check Results for Package SSOSVM

Last updated on 2022-04-08 01:48:59 CEST.

Flavor Version Tinstall Tcheck Ttotal Status Flags
r-devel-linux-x86_64-debian-clang 0.2.1 36.21 39.07 75.28 OK
r-devel-linux-x86_64-debian-gcc 0.2.1 27.75 30.13 57.88 OK
r-devel-linux-x86_64-fedora-clang 0.2.1 109.53 NOTE
r-devel-linux-x86_64-fedora-gcc 0.2.1 86.13 NOTE
r-devel-windows-x86_64-new-UL 0.2.1 31.00 86.00 117.00 OK
r-patched-linux-x86_64 0.2.1 28.20 37.77 65.97 OK
r-release-linux-x86_64 0.2.1 28.97 35.94 64.91 OK
r-release-macos-arm64 0.2.1 NOTE
r-release-macos-x86_64 0.2.1 NOTE
r-release-windows-ix86+x86_64 0.2.1 83.00 78.00 161.00 OK
r-oldrel-macos-x86_64 0.2.1 NOTE
r-oldrel-windows-ix86+x86_64 0.2.1 84.00 72.00 156.00 OK

Check Details

Version: 0.2.1
Check: dependencies in R code
Result: NOTE
    Namespace in Imports field not imported from: ‘MASS’
     All declared Imports should be used.
Flavors: r-devel-linux-x86_64-fedora-clang, r-devel-linux-x86_64-fedora-gcc, r-release-macos-arm64, r-release-macos-x86_64, r-oldrel-macos-x86_64