CRAN Package Check Results for Package SPUTNIK

Last updated on 2022-04-08 01:48:59 CEST.

Flavor Version Tinstall Tcheck Ttotal Status Flags
r-devel-linux-x86_64-debian-clang 1.4 18.04 152.37 170.41 OK
r-devel-linux-x86_64-debian-gcc 1.4 13.02 112.94 125.96 OK
r-devel-linux-x86_64-fedora-clang 1.4 208.88 NOTE
r-devel-linux-x86_64-fedora-gcc 1.4 201.24 NOTE
r-devel-windows-x86_64-new-UL 1.4 49.00 167.00 216.00 OK
r-patched-linux-x86_64 1.4 23.06 144.19 167.25 OK
r-release-linux-x86_64 1.4 11.60 132.72 144.32 OK
r-release-macos-arm64 1.4 NOTE
r-release-macos-x86_64 1.4 NOTE
r-release-windows-ix86+x86_64 1.4 36.00 159.00 195.00 OK
r-oldrel-macos-x86_64 1.4 NOTE
r-oldrel-windows-ix86+x86_64 1.4 37.00 166.00 203.00 OK

Check Details

Version: 1.4
Check: dependencies in R code
Result: NOTE
    Namespaces in Imports field not imported from:
     ‘spatstat’ ‘spatstat.data’ ‘spatstat.linnet’ ‘spatstat.sparse’
     ‘spatstat.utils’ ‘testthat’
     All declared Imports should be used.
Flavors: r-devel-linux-x86_64-fedora-clang, r-devel-linux-x86_64-fedora-gcc, r-release-macos-arm64, r-release-macos-x86_64, r-oldrel-macos-x86_64