CRAN Package Check Results for Package SPCDAnalyze

Last updated on 2022-04-08 01:48:59 CEST.

Flavor Version Tinstall Tcheck Ttotal Status Flags
r-devel-linux-x86_64-debian-clang 0.1.0 9.00 91.77 100.77 NOTE
r-devel-linux-x86_64-debian-gcc 0.1.0 8.07 70.51 78.58 NOTE
r-devel-linux-x86_64-fedora-clang 0.1.0 126.03 NOTE
r-devel-linux-x86_64-fedora-gcc 0.1.0 108.22 NOTE
r-devel-windows-x86_64-new-UL 0.1.0 23.00 106.00 129.00 NOTE
r-patched-linux-x86_64 0.1.0 9.63 89.26 98.89 NOTE
r-release-linux-x86_64 0.1.0 7.93 81.14 89.07 NOTE
r-release-macos-arm64 0.1.0 NOTE
r-release-macos-x86_64 0.1.0 NOTE
r-release-windows-ix86+x86_64 0.1.0 20.00 95.00 115.00 NOTE
r-oldrel-macos-x86_64 0.1.0 OK
r-oldrel-windows-ix86+x86_64 0.1.0 21.00 94.00 115.00 OK

Check Details

Version: 0.1.0
Check: LazyData
Result: NOTE
     'LazyData' is specified without a 'data' directory
Flavors: r-devel-linux-x86_64-debian-clang, r-devel-linux-x86_64-debian-gcc, r-devel-linux-x86_64-fedora-clang, r-devel-linux-x86_64-fedora-gcc, r-devel-windows-x86_64-new-UL, r-patched-linux-x86_64, r-release-linux-x86_64, r-release-macos-arm64, r-release-macos-x86_64, r-release-windows-ix86+x86_64