CRAN Package Check Results for Package SNSequate

Last updated on 2022-04-08 01:48:59 CEST.

Flavor Version Tinstall Tcheck Ttotal Status Flags
r-devel-linux-x86_64-debian-clang 1.3.3 18.63 148.45 167.08 NOTE
r-devel-linux-x86_64-debian-gcc 1.3.3 14.37 108.68 123.05 NOTE
r-devel-linux-x86_64-fedora-clang 1.3.3 202.98 NOTE
r-devel-linux-x86_64-fedora-gcc 1.3.3 195.59 NOTE
r-devel-windows-x86_64-new-UL 1.3.3 32.00 155.00 187.00 OK
r-patched-linux-x86_64 1.3.3 13.69 138.64 152.33 OK
r-release-linux-x86_64 1.3.3 17.39 131.74 149.13 OK
r-release-macos-arm64 1.3.3 OK
r-release-macos-x86_64 1.3.3 OK
r-release-windows-ix86+x86_64 1.3.3 33.00 152.00 185.00 OK
r-oldrel-macos-x86_64 1.3.3 OK
r-oldrel-windows-ix86+x86_64 1.3.3 32.00 162.00 194.00 OK

Check Details

Version: 1.3.3
Check: Rd files
Result: NOTE
    checkRd: (7) file 'bandwidth.Rd': \item in \arguments must have non-empty label
    checkRd: (7) file 'ker.eq.Rd': \item in \arguments must have non-empty label
    checkRd: (7) file 'loglin.smooth.Rd': \item in \arguments must have non-empty label
Flavors: r-devel-linux-x86_64-debian-clang, r-devel-linux-x86_64-debian-gcc, r-devel-linux-x86_64-fedora-clang, r-devel-linux-x86_64-fedora-gcc