Last updated on 2022-04-08 01:48:58 CEST.
Flavor | Version | Tinstall | Tcheck | Ttotal | Status | Flags |
---|---|---|---|---|---|---|
r-devel-linux-x86_64-debian-clang | 0.1.0 | 6.73 | 81.22 | 87.95 | NOTE | |
r-devel-linux-x86_64-debian-gcc | 0.1.0 | 6.86 | 61.77 | 68.63 | NOTE | |
r-devel-linux-x86_64-fedora-clang | 0.1.0 | 107.54 | NOTE | |||
r-devel-linux-x86_64-fedora-gcc | 0.1.0 | 94.66 | NOTE | |||
r-devel-windows-x86_64-new-UL | 0.1.0 | 22.00 | 101.00 | 123.00 | NOTE | |
r-patched-linux-x86_64 | 0.1.0 | 9.00 | 78.86 | 87.86 | NOTE | |
r-release-linux-x86_64 | 0.1.0 | 7.63 | 74.94 | 82.57 | NOTE | |
r-release-macos-arm64 | 0.1.0 | NOTE | ||||
r-release-macos-x86_64 | 0.1.0 | NOTE | ||||
r-release-windows-ix86+x86_64 | 0.1.0 | 16.00 | 93.00 | 109.00 | NOTE | |
r-oldrel-macos-x86_64 | 0.1.0 | OK | ||||
r-oldrel-windows-ix86+x86_64 | 0.1.0 | 17.00 | 91.00 | 108.00 | OK |
Version: 0.1.0
Check: LazyData
Result: NOTE
'LazyData' is specified without a 'data' directory
Flavors: r-devel-linux-x86_64-debian-clang, r-devel-linux-x86_64-debian-gcc, r-devel-linux-x86_64-fedora-clang, r-devel-linux-x86_64-fedora-gcc, r-devel-windows-x86_64-new-UL, r-patched-linux-x86_64, r-release-linux-x86_64, r-release-macos-arm64, r-release-macos-x86_64, r-release-windows-ix86+x86_64