CRAN Package Check Results for Package SDDE

Last updated on 2022-04-08 01:48:58 CEST.

Flavor Version Tinstall Tcheck Ttotal Status Flags
r-devel-linux-x86_64-debian-clang 1.0.1 6.24 58.67 64.91 NOTE
r-devel-linux-x86_64-debian-gcc 1.0.1 4.72 45.90 50.62 NOTE
r-devel-linux-x86_64-fedora-clang 1.0.1 78.35 NOTE
r-devel-linux-x86_64-fedora-gcc 1.0.1 66.89 NOTE
r-devel-windows-x86_64-new-UL 1.0.1 30.00 80.00 110.00 OK
r-patched-linux-x86_64 1.0.1 6.91 57.64 64.55 NOTE
r-release-linux-x86_64 1.0.1 4.22 56.56 60.78 NOTE
r-release-macos-arm64 1.0.1 OK
r-release-macos-x86_64 1.0.1 OK
r-release-windows-ix86+x86_64 1.0.1 13.00 86.00 99.00 OK
r-oldrel-macos-x86_64 1.0.1 OK
r-oldrel-windows-ix86+x86_64 1.0.1 13.00 85.00 98.00 OK

Check Details

Version: 1.0.1
Check: for non-standard things in the check directory
Result: NOTE
    Found the following files/directories:
     'result.txt'
Flavors: r-devel-linux-x86_64-debian-clang, r-devel-linux-x86_64-debian-gcc, r-devel-linux-x86_64-fedora-clang, r-devel-linux-x86_64-fedora-gcc, r-patched-linux-x86_64, r-release-linux-x86_64

Version: 1.0.1
Check: compiled code
Result: NOTE
    File ‘SDDE/libs/SDDE.so’:
     Found no calls to: ‘R_registerRoutines’, ‘R_useDynamicSymbols’
    
    It is good practice to register native routines and to disable symbol
    search.
    
    See ‘Writing portable packages’ in the ‘Writing R Extensions’ manual.
Flavors: r-devel-linux-x86_64-fedora-clang, r-devel-linux-x86_64-fedora-gcc