CRAN Package Check Results for Package SCCI

Last updated on 2022-04-08 01:48:58 CEST.

Flavor Version Tinstall Tcheck Ttotal Status Flags
r-devel-linux-x86_64-debian-clang 1.2 17.58 39.42 57.00 OK
r-devel-linux-x86_64-debian-gcc 1.2 14.85 30.05 44.90 OK
r-devel-linux-x86_64-fedora-clang 1.2 79.31 OK
r-devel-linux-x86_64-fedora-gcc 1.2 60.19 OK
r-devel-windows-x86_64-new-UL 1.2 22.00 81.00 103.00 OK
r-patched-linux-x86_64 1.2 16.47 37.53 54.00 OK
r-release-linux-x86_64 1.2 17.12 36.60 53.72 OK
r-release-macos-arm64 1.2 NOTE
r-release-macos-x86_64 1.2 OK
r-release-windows-ix86+x86_64 1.2 46.00 69.00 115.00 OK
r-oldrel-macos-x86_64 1.2 OK
r-oldrel-windows-ix86+x86_64 1.2 46.00 71.00 117.00 OK

Check Details

Version: 1.2
Check: package dependencies
Result: NOTE
    Package suggested but not available for checking: ‘pcalg’
Flavor: r-release-macos-arm64