Last updated on 2022-04-08 01:48:58 CEST.
Flavor | Version | Tinstall | Tcheck | Ttotal | Status | Flags |
---|---|---|---|---|---|---|
r-devel-linux-x86_64-debian-clang | 1.1.2 | 6.47 | 54.56 | 61.03 | OK | |
r-devel-linux-x86_64-debian-gcc | 1.1.2 | 7.10 | 41.71 | 48.81 | OK | |
r-devel-linux-x86_64-fedora-clang | 1.1.2 | 77.82 | NOTE | |||
r-devel-linux-x86_64-fedora-gcc | 1.1.2 | 67.21 | NOTE | |||
r-devel-windows-x86_64-new-UL | 1.1.2 | 21.00 | 78.00 | 99.00 | OK | |
r-patched-linux-x86_64 | 1.1.2 | 8.35 | 53.44 | 61.79 | OK | |
r-release-linux-x86_64 | 1.1.2 | 6.13 | 51.45 | 57.58 | OK | |
r-release-macos-arm64 | 1.1.2 | NOTE | ||||
r-release-macos-x86_64 | 1.1.2 | NOTE | ||||
r-release-windows-ix86+x86_64 | 1.1.2 | 12.00 | 61.00 | 73.00 | OK | |
r-oldrel-macos-x86_64 | 1.1.2 | NOTE | ||||
r-oldrel-windows-ix86+x86_64 | 1.1.2 | 13.00 | 61.00 | 74.00 | OK |
Version: 1.1.2
Check: dependencies in R code
Result: NOTE
Namespace in Imports field not imported from: ‘methods’
All declared Imports should be used.
Flavors: r-devel-linux-x86_64-fedora-clang, r-devel-linux-x86_64-fedora-gcc, r-release-macos-arm64, r-release-macos-x86_64, r-oldrel-macos-x86_64