CRAN Package Check Results for Package SAMGEP

Last updated on 2022-04-08 01:48:58 CEST.

Flavor Version Tinstall Tcheck Ttotal Status Flags
r-devel-linux-x86_64-debian-clang 0.1.0-1 48.19 311.23 359.42 OK
r-devel-linux-x86_64-debian-gcc 0.1.0-1 35.38 228.07 263.45 OK
r-devel-linux-x86_64-fedora-clang 0.1.0-1 436.92 NOTE
r-devel-linux-x86_64-fedora-gcc 0.1.0-1 413.81 NOTE
r-devel-windows-x86_64-new-UL 0.1.0-1 44.00 352.00 396.00 OK
r-patched-linux-x86_64 0.1.0-1 41.64 299.25 340.89 OK
r-release-linux-x86_64 0.1.0-1 36.62 296.54 333.16 OK
r-release-macos-arm64 0.1.0-1 NOTE
r-release-macos-x86_64 0.1.0-1 NOTE
r-release-windows-ix86+x86_64 0.1.0-1 114.00 364.00 478.00 OK
r-oldrel-macos-x86_64 0.1.0-1 NOTE
r-oldrel-windows-ix86+x86_64 0.1.0-1 116.00 369.00 485.00 OK

Check Details

Version: 0.1.0-1
Check: dependencies in R code
Result: NOTE
    Namespace in Imports field not imported from: ‘Rcpp’
     All declared Imports should be used.
Flavors: r-devel-linux-x86_64-fedora-clang, r-devel-linux-x86_64-fedora-gcc, r-release-macos-arm64, r-release-macos-x86_64, r-oldrel-macos-x86_64