Last updated on 2022-04-08 01:48:57 CEST.
Flavor | Version | Tinstall | Tcheck | Ttotal | Status | Flags |
---|---|---|---|---|---|---|
r-devel-linux-x86_64-debian-clang | 1.1.5 | 519.49 | 222.88 | 742.37 | OK | |
r-devel-linux-x86_64-debian-gcc | 1.1.5 | 479.40 | 157.54 | 636.94 | OK | |
r-devel-linux-x86_64-fedora-clang | 1.1.5 | 1124.86 | NOTE | |||
r-devel-linux-x86_64-fedora-gcc | 1.1.5 | 1068.26 | OK | |||
r-devel-windows-x86_64-new-UL | 1.1.5 | 496.00 | 385.00 | 881.00 | NOTE | |
r-patched-linux-x86_64 | 1.1.5 | 501.69 | 195.20 | 696.89 | OK | |
r-release-linux-x86_64 | 1.1.5 | 501.43 | 191.03 | 692.46 | OK | |
r-release-macos-arm64 | 1.1.5 | NOTE | ||||
r-release-macos-x86_64 | 1.1.5 | NOTE | ||||
r-release-windows-ix86+x86_64 | 1.1.5 | 1140.00 | 467.00 | 1607.00 | NOTE | |
r-oldrel-macos-x86_64 | 1.1.5 | NOTE | ||||
r-oldrel-windows-ix86+x86_64 | 1.1.5 | 1140.00 | 476.00 | 1616.00 | NOTE |
Version: 1.1.5
Check: installed package size
Result: NOTE
installed size is 34.2Mb
sub-directories of 1Mb or more:
libs 31.6Mb
Flavors: r-devel-linux-x86_64-fedora-clang, r-devel-windows-x86_64-new-UL, r-release-macos-arm64, r-release-macos-x86_64, r-release-windows-ix86+x86_64, r-oldrel-macos-x86_64, r-oldrel-windows-ix86+x86_64