CRAN Package Check Results for Package Rwofost

Last updated on 2022-04-08 01:48:57 CEST.

Flavor Version Tinstall Tcheck Ttotal Status Flags
r-devel-linux-x86_64-debian-clang 0.8-3 70.29 77.51 147.80 OK
r-devel-linux-x86_64-debian-gcc 0.8-3 70.70 57.64 128.34 OK
r-devel-linux-x86_64-fedora-clang 0.8-3 224.56 NOTE
r-devel-linux-x86_64-fedora-gcc 0.8-3 199.42 OK
r-devel-windows-x86_64-new-UL 0.8-3 107.00 117.00 224.00 OK
r-patched-linux-x86_64 0.8-3 72.44 74.77 147.21 OK
r-release-linux-x86_64 0.8-3 77.66 69.87 147.53 OK
r-release-macos-arm64 0.8-3 NOTE
r-release-macos-x86_64 0.8-3 NOTE
r-release-windows-ix86+x86_64 0.8-3 179.00 121.00 300.00 OK
r-oldrel-macos-x86_64 0.8-3 NOTE
r-oldrel-windows-ix86+x86_64 0.8-3 181.00 127.00 308.00 OK

Check Details

Version: 0.8-3
Check: installed package size
Result: NOTE
     installed size is 7.8Mb
     sub-directories of 1Mb or more:
     libs 6.8Mb
Flavors: r-devel-linux-x86_64-fedora-clang, r-release-macos-arm64, r-release-macos-x86_64, r-oldrel-macos-x86_64