CRAN Package Check Results for Package Rpvt

Last updated on 2022-04-08 01:48:57 CEST.

Flavor Version Tinstall Tcheck Ttotal Status Flags
r-devel-linux-x86_64-debian-clang 0.1.1 68.56 60.79 129.35 WARN
r-devel-linux-x86_64-debian-gcc 0.1.1 60.52 45.25 105.77 NOTE
r-devel-linux-x86_64-fedora-clang 0.1.1 192.20 WARN
r-devel-linux-x86_64-fedora-gcc 0.1.1 163.80 NOTE
r-devel-windows-x86_64-new-UL 0.1.1 64.00 109.00 173.00 NOTE
r-patched-linux-x86_64 0.1.1 64.52 56.98 121.50 NOTE
r-release-linux-x86_64 0.1.1 67.24 53.09 120.33 NOTE
r-release-macos-arm64 0.1.1 NOTE
r-release-macos-x86_64 0.1.1 NOTE
r-release-windows-ix86+x86_64 0.1.1 183.00 95.00 278.00 NOTE
r-oldrel-macos-x86_64 0.1.1 OK
r-oldrel-windows-ix86+x86_64 0.1.1 184.00 100.00 284.00 OK

Additional issues

clang14

Check Details

Version: 0.1.1
Check: whether package can be installed
Result: WARN
    Found the following significant warnings:
     pvt_interface.cpp:72:9: warning: use of bitwise '&' with boolean operands [-Wbitwise-instead-of-logical]
     pvt_interface.cpp:74:16: warning: use of bitwise '&' with boolean operands [-Wbitwise-instead-of-logical]
     pvt_interface.cpp:76:16: warning: use of bitwise '&' with boolean operands [-Wbitwise-instead-of-logical]
     pvt_interface.cpp:82:9: warning: use of bitwise '&' with boolean operands [-Wbitwise-instead-of-logical]
     pvt_interface.cpp:86:16: warning: use of bitwise '&' with boolean operands [-Wbitwise-instead-of-logical]
     pvt_interface.cpp:89:16: warning: use of bitwise '&' with boolean operands [-Wbitwise-instead-of-logical]
     pvt_interface.cpp:194:9: warning: use of bitwise '&' with boolean operands [-Wbitwise-instead-of-logical]
     pvt_interface.cpp:196:16: warning: use of bitwise '&' with boolean operands [-Wbitwise-instead-of-logical]
     pvt_interface.cpp:198:16: warning: use of bitwise '&' with boolean operands [-Wbitwise-instead-of-logical]
     pvt_interface.cpp:204:9: warning: use of bitwise '&' with boolean operands [-Wbitwise-instead-of-logical]
     pvt_interface.cpp:208:16: warning: use of bitwise '&' with boolean operands [-Wbitwise-instead-of-logical]
     pvt_interface.cpp:211:16: warning: use of bitwise '&' with boolean operands [-Wbitwise-instead-of-logical]
     pvt_interface.cpp:384:9: warning: use of bitwise '&' with boolean operands [-Wbitwise-instead-of-logical]
     pvt_interface.cpp:386:16: warning: use of bitwise '&' with boolean operands [-Wbitwise-instead-of-logical]
     pvt_interface.cpp:388:16: warning: use of bitwise '&' with boolean operands [-Wbitwise-instead-of-logical]
     pvt_interface.cpp:394:9: warning: use of bitwise '&' with boolean operands [-Wbitwise-instead-of-logical]
     pvt_interface.cpp:398:16: warning: use of bitwise '&' with boolean operands [-Wbitwise-instead-of-logical]
     pvt_interface.cpp:401:16: warning: use of bitwise '&' with boolean operands [-Wbitwise-instead-of-logical]
Flavors: r-devel-linux-x86_64-debian-clang, r-devel-linux-x86_64-fedora-clang

Version: 0.1.1
Check: LazyData
Result: NOTE
     'LazyData' is specified without a 'data' directory
Flavors: r-devel-linux-x86_64-debian-clang, r-devel-linux-x86_64-debian-gcc, r-devel-linux-x86_64-fedora-clang, r-devel-linux-x86_64-fedora-gcc, r-devel-windows-x86_64-new-UL, r-patched-linux-x86_64, r-release-linux-x86_64, r-release-macos-arm64, r-release-macos-x86_64, r-release-windows-ix86+x86_64