CRAN Package Check Results for Package Rphylopars

Last updated on 2022-04-08 01:48:57 CEST.

Flavor Version Tinstall Tcheck Ttotal Status Flags
r-devel-linux-x86_64-debian-clang 0.3.2 69.80 159.00 228.80 OK
r-devel-linux-x86_64-debian-gcc 0.3.2 59.95 116.94 176.89 OK
r-devel-linux-x86_64-fedora-clang 0.3.2 296.05 OK
r-devel-linux-x86_64-fedora-gcc 0.3.2 285.43 OK
r-devel-windows-x86_64-new-UL 0.3.2 67.00 196.00 263.00 OK
r-patched-linux-x86_64 0.3.2 64.25 150.27 214.52 OK
r-release-linux-x86_64 0.3.2 60.16 144.15 204.31 OK
r-release-macos-arm64 0.3.2 NOTE
r-release-macos-x86_64 0.3.2 NOTE
r-release-windows-ix86+x86_64 0.3.2 157.00 228.00 385.00 OK
r-oldrel-macos-x86_64 0.3.2 NOTE
r-oldrel-windows-ix86+x86_64 0.3.2 156.00 233.00 389.00 OK

Check Details

Version: 0.3.2
Check: installed package size
Result: NOTE
     installed size is 7.1Mb
     sub-directories of 1Mb or more:
     libs 6.9Mb
Flavors: r-release-macos-arm64, r-release-macos-x86_64, r-oldrel-macos-x86_64