CRAN Package Check Results for Package Rlda

Last updated on 2022-04-08 01:48:57 CEST.

Flavor Version Tinstall Tcheck Ttotal Status Flags
r-devel-linux-x86_64-debian-clang 0.2.6 135.63 59.08 194.71 WARN
r-devel-linux-x86_64-debian-gcc 0.2.6 104.62 45.73 150.35 OK
r-devel-linux-x86_64-fedora-clang 0.2.6 280.72 WARN
r-devel-linux-x86_64-fedora-gcc 0.2.6 243.83 OK
r-devel-windows-x86_64-new-UL 0.2.6 112.00 105.00 217.00 OK
r-patched-linux-x86_64 0.2.6 126.87 55.94 182.81 OK
r-release-linux-x86_64 0.2.6 120.56 55.20 175.76 OK
r-release-macos-arm64 0.2.6 NOTE
r-release-macos-x86_64 0.2.6 NOTE
r-release-windows-ix86+x86_64 0.2.6 305.00 105.00 410.00 OK
r-oldrel-macos-x86_64 0.2.6 NOTE
r-oldrel-windows-ix86+x86_64 0.2.6 303.00 105.00 408.00 OK

Additional issues

clang14

Check Details

Version: 0.2.6
Check: whether package can be installed
Result: WARN
    Found the following significant warnings:
     RemoteSensing.cpp:79:10: warning: use of bitwise '&' with boolean operands [-Wbitwise-instead-of-logical]
     RemoteSensing.cpp:82:15: warning: use of bitwise '&' with boolean operands [-Wbitwise-instead-of-logical]
Flavors: r-devel-linux-x86_64-debian-clang, r-devel-linux-x86_64-fedora-clang

Version: 0.2.6
Check: installed package size
Result: NOTE
     installed size is 5.7Mb
     sub-directories of 1Mb or more:
     libs 4.7Mb
Flavors: r-devel-linux-x86_64-fedora-clang, r-release-macos-arm64, r-release-macos-x86_64, r-oldrel-macos-x86_64