CRAN Package Check Results for Package Riemann

Last updated on 2022-04-08 01:48:56 CEST.

Flavor Version Tinstall Tcheck Ttotal Status Flags
r-devel-linux-x86_64-debian-clang 0.1.4 343.62 242.95 586.57 OK
r-devel-linux-x86_64-debian-gcc 0.1.4 260.89 180.98 441.87 OK
r-devel-linux-x86_64-fedora-clang 0.1.4 796.25 NOTE
r-devel-linux-x86_64-fedora-gcc 0.1.4 704.18 OK
r-devel-windows-x86_64-new-UL 0.1.4 275.00 314.00 589.00 OK
r-patched-linux-x86_64 0.1.4 277.93 231.47 509.40 OK
r-release-linux-x86_64 0.1.4 274.76 215.84 490.60 OK
r-release-macos-arm64 0.1.4 NOTE
r-release-macos-x86_64 0.1.4 NOTE
r-release-windows-ix86+x86_64 0.1.4 745.00 471.00 1216.00 NOTE
r-oldrel-macos-x86_64 0.1.4 NOTE
r-oldrel-windows-ix86+x86_64 0.1.4 741.00 378.00 1119.00 NOTE

Check Details

Version: 0.1.4
Check: installed package size
Result: NOTE
     installed size is 15.0Mb
     sub-directories of 1Mb or more:
     data 1.6Mb
     libs 12.6Mb
Flavors: r-devel-linux-x86_64-fedora-clang, r-release-macos-arm64, r-release-macos-x86_64, r-release-windows-ix86+x86_64, r-oldrel-macos-x86_64, r-oldrel-windows-ix86+x86_64