CRAN Package Check Results for Package Rforestry

Last updated on 2022-04-08 01:48:56 CEST.

Flavor Version Tinstall Tcheck Ttotal Status Flags
r-devel-linux-x86_64-debian-clang 0.9.0.95 152.62 360.84 513.46 OK
r-devel-linux-x86_64-debian-gcc 0.9.0.95 119.49 266.27 385.76 OK
r-devel-linux-x86_64-fedora-clang 0.9.0.95 631.61 NOTE
r-devel-linux-x86_64-fedora-gcc 0.9.0.95 613.05 OK
r-devel-windows-x86_64-new-UL 0.9.0.95 140.00 269.00 409.00 OK
r-patched-linux-x86_64 0.9.0.95 130.23 343.52 473.75 OK
r-release-linux-x86_64 0.9.0.95 130.14 335.90 466.04 OK
r-release-macos-arm64 0.9.0.95 NOTE
r-release-macos-x86_64 0.9.0.95 NOTE
r-release-windows-ix86+x86_64 0.9.0.95 332.00 395.00 727.00 OK
r-oldrel-macos-x86_64 0.9.0.95 NOTE
r-oldrel-windows-ix86+x86_64 0.9.0.95 331.00 392.00 723.00 OK

Additional issues

clang-UBSAN

Check Details

Version: 0.9.0.95
Check: installed package size
Result: NOTE
     installed size is 6.5Mb
     sub-directories of 1Mb or more:
     libs 6.2Mb
Flavors: r-devel-linux-x86_64-fedora-clang, r-release-macos-arm64, r-release-macos-x86_64, r-oldrel-macos-x86_64