Last updated on 2022-04-08 01:48:56 CEST.
Flavor | Version | Tinstall | Tcheck | Ttotal | Status | Flags |
---|---|---|---|---|---|---|
r-devel-linux-x86_64-debian-clang | 2.0.6 | 1427.51 | 129.01 | 1556.52 | OK | |
r-devel-linux-x86_64-debian-gcc | 2.0.6 | 1101.63 | 95.91 | 1197.54 | OK | |
r-devel-linux-x86_64-fedora-clang | 2.0.6 | 2265.36 | NOTE | |||
r-devel-linux-x86_64-fedora-gcc | 2.0.6 | 1976.30 | OK | |||
r-devel-windows-x86_64-new-UL | 2.0.6 | 1077.00 | 215.00 | 1292.00 | NOTE | |
r-patched-linux-x86_64 | 2.0.6 | 1167.18 | 123.87 | 1291.05 | OK | |
r-release-linux-x86_64 | 2.0.6 | 1135.40 | 120.53 | 1255.93 | OK | |
r-release-macos-arm64 | 2.0.6 | NOTE | ||||
r-release-macos-x86_64 | 2.0.6 | NOTE | ||||
r-release-windows-ix86+x86_64 | 2.0.6 | 3163.00 | 225.00 | 3388.00 | NOTE | |
r-oldrel-macos-x86_64 | 2.0.6 | NOTE | ||||
r-oldrel-windows-ix86+x86_64 | 2.0.6 | 3165.00 | 218.00 | 3383.00 | NOTE |
Version: 2.0.6
Check: installed package size
Result: NOTE
installed size is 38.9Mb
sub-directories of 1Mb or more:
libs 37.6Mb
Flavors: r-devel-linux-x86_64-fedora-clang, r-devel-windows-x86_64-new-UL, r-release-macos-arm64, r-release-macos-x86_64, r-release-windows-ix86+x86_64, r-oldrel-macos-x86_64, r-oldrel-windows-ix86+x86_64