Last updated on 2022-04-08 01:48:56 CEST.
Flavor | Version | Tinstall | Tcheck | Ttotal | Status | Flags |
---|---|---|---|---|---|---|
r-devel-linux-x86_64-debian-clang | 2.3.7 | 25.28 | 157.97 | 183.25 | NOTE | |
r-devel-linux-x86_64-debian-gcc | 2.3.7 | 16.67 | 114.57 | 131.24 | NOTE | |
r-devel-linux-x86_64-fedora-clang | 2.3.7 | 214.98 | NOTE | |||
r-devel-linux-x86_64-fedora-gcc | 2.3.7 | 213.03 | NOTE | |||
r-devel-windows-x86_64-new-UL | 2.3.7 | 59.00 | 193.00 | 252.00 | OK | |
r-patched-linux-x86_64 | 2.3.7 | 14.71 | 145.41 | 160.12 | OK | |
r-release-linux-x86_64 | 2.3.7 | 17.63 | 150.52 | 168.15 | OK | |
r-release-macos-arm64 | 2.3.7 | NOTE | ||||
r-release-macos-x86_64 | 2.3.7 | NOTE | ||||
r-release-windows-ix86+x86_64 | 2.3.7 | 47.00 | 174.00 | 221.00 | OK | |
r-oldrel-macos-x86_64 | 2.3.7 | NOTE | ||||
r-oldrel-windows-ix86+x86_64 | 2.3.7 | 44.00 | 171.00 | 215.00 | OK |
Version: 2.3.7
Check: Rd files
Result: NOTE
checkRd: (7) file 'mod_layout_chartreview.Rd': \item in \value must have non-empty label
Flavors: r-devel-linux-x86_64-debian-clang, r-devel-linux-x86_64-debian-gcc, r-devel-linux-x86_64-fedora-clang, r-devel-linux-x86_64-fedora-gcc
Version: 2.3.7
Check: package dependencies
Result: NOTE
Imports includes 30 non-default packages.
Importing from so many packages makes the package vulnerable to any of
them becoming unavailable. Move as many as possible to Suggests and
use conditionally.
Flavor: r-devel-linux-x86_64-fedora-clang
Version: 2.3.7
Check: dependencies in R code
Result: NOTE
Namespace in Imports field not imported from: ‘pkgload’
All declared Imports should be used.
Flavors: r-devel-linux-x86_64-fedora-clang, r-devel-linux-x86_64-fedora-gcc, r-release-macos-arm64, r-release-macos-x86_64, r-oldrel-macos-x86_64
Version: 2.3.7
Check: data for non-ASCII characters
Result: NOTE
Note: found 26 marked UTF-8 strings
Flavors: r-devel-linux-x86_64-fedora-clang, r-devel-linux-x86_64-fedora-gcc, r-release-macos-arm64, r-release-macos-x86_64, r-oldrel-macos-x86_64