CRAN Package Check Results for Package Recocrop

Last updated on 2022-04-08 01:48:56 CEST.

Flavor Version Tinstall Tcheck Ttotal Status Flags
r-devel-linux-x86_64-debian-clang 0.3-2 40.72 210.01 250.73 WARN
r-devel-linux-x86_64-debian-gcc 0.3-2 39.65 151.22 190.87 OK
r-devel-linux-x86_64-fedora-clang 0.3-2 310.99 WARN
r-devel-linux-x86_64-fedora-gcc 0.3-2 291.06 OK
r-devel-windows-x86_64-new-UL 0.3-2 57.00 212.00 269.00 OK
r-patched-linux-x86_64 0.3-2 39.52 195.34 234.86 OK
r-release-linux-x86_64 0.3-2 36.61 179.43 216.04 OK
r-release-macos-arm64 0.3-2 OK
r-release-macos-x86_64 0.3-2 OK
r-release-windows-ix86+x86_64 0.3-2 103.00 269.00 372.00 OK
r-oldrel-macos-x86_64 0.3-2 OK
r-oldrel-windows-ix86+x86_64 0.3-2 105.00 289.00 394.00 OK

Additional issues

clang14

Check Details

Version: 0.3-2
Check: whether package can be installed
Result: WARN
    Found the following significant warnings:
     ecocrop.cpp:95:8: warning: use of bitwise '|' with boolean operands [-Wbitwise-instead-of-logical]
Flavors: r-devel-linux-x86_64-debian-clang, r-devel-linux-x86_64-fedora-clang