CRAN Package Check Results for Package ReDaMoR

Last updated on 2022-04-08 01:48:56 CEST.

Flavor Version Tinstall Tcheck Ttotal Status Flags
r-devel-linux-x86_64-debian-clang 0.5.2 15.50 129.85 145.35 NOTE
r-devel-linux-x86_64-debian-gcc 0.5.2 12.62 94.80 107.42 NOTE
r-devel-linux-x86_64-fedora-clang 0.5.2 164.96 NOTE
r-devel-linux-x86_64-fedora-gcc 0.5.2 148.64 NOTE
r-devel-windows-x86_64-new-UL 0.5.2 50.00 164.00 214.00 OK
r-patched-linux-x86_64 0.5.2 16.71 120.88 137.59 NOTE
r-release-linux-x86_64 0.5.2 9.08 106.53 115.61 NOTE
r-release-macos-arm64 0.5.2 NOTE
r-release-macos-x86_64 0.5.2 NOTE
r-release-windows-ix86+x86_64 0.5.2 28.00 145.00 173.00 OK
r-oldrel-macos-x86_64 0.5.2 NOTE
r-oldrel-windows-ix86+x86_64 0.5.2 29.00 129.00 158.00 OK

Check Details

Version: 0.5.2
Check: package dependencies
Result: NOTE
    Package suggested but not available for checking: 'TKCat'
Flavors: r-devel-linux-x86_64-debian-clang, r-devel-linux-x86_64-debian-gcc, r-devel-linux-x86_64-fedora-clang, r-devel-linux-x86_64-fedora-gcc, r-patched-linux-x86_64, r-release-linux-x86_64

Version: 0.5.2
Check: dependencies in R code
Result: NOTE
    Namespace in Imports field not imported from: ‘igraph’
     All declared Imports should be used.
Flavors: r-devel-linux-x86_64-fedora-clang, r-devel-linux-x86_64-fedora-gcc, r-release-macos-arm64, r-release-macos-x86_64, r-oldrel-macos-x86_64