CRAN Package Check Results for Package Rdimtools

Last updated on 2022-04-08 01:48:56 CEST.

Flavor Version Tinstall Tcheck Ttotal Status Flags
r-devel-linux-x86_64-debian-clang 1.0.9 294.36 262.76 557.12 OK
r-devel-linux-x86_64-debian-gcc 1.0.9 229.79 194.15 423.94 OK
r-devel-linux-x86_64-fedora-clang 1.0.9 767.21 NOTE
r-devel-linux-x86_64-fedora-gcc 1.0.9 691.63 OK
r-devel-windows-x86_64-new-UL 1.0.9 310.00 350.00 660.00 NOTE
r-patched-linux-x86_64 1.0.9 252.44 246.60 499.04 OK
r-release-linux-x86_64 1.0.9 266.74 238.58 505.32 OK
r-release-macos-arm64 1.0.9 NOTE
r-release-macos-x86_64 1.0.9 NOTE
r-release-windows-ix86+x86_64 1.0.9 630.00 568.00 1198.00 NOTE
r-oldrel-macos-x86_64 1.0.9 NOTE
r-oldrel-windows-ix86+x86_64 1.0.9 632.00 407.00 1039.00 NOTE

Check Details

Version: 1.0.9
Check: installed package size
Result: NOTE
     installed size is 17.0Mb
     sub-directories of 1Mb or more:
     data 1.9Mb
     libs 13.3Mb
Flavors: r-devel-linux-x86_64-fedora-clang, r-devel-windows-x86_64-new-UL, r-release-macos-arm64, r-release-macos-x86_64, r-release-windows-ix86+x86_64, r-oldrel-macos-x86_64, r-oldrel-windows-ix86+x86_64

Version: 1.0.9
Check: Rd cross-references
Result: NOTE
    Undeclared package ‘Rtsne’ in Rd xrefs
Flavor: r-devel-linux-x86_64-fedora-clang