CRAN Package Check Results for Package Rdca

Last updated on 2022-04-08 01:48:56 CEST.

Flavor Version Tinstall Tcheck Ttotal Status Flags
r-devel-linux-x86_64-debian-clang 0.1.0 45.12 89.73 134.85 WARN
r-devel-linux-x86_64-debian-gcc 0.1.0 39.42 66.09 105.51 NOTE
r-devel-linux-x86_64-fedora-clang 0.1.0 181.47 WARN
r-devel-linux-x86_64-fedora-gcc 0.1.0 159.53 NOTE
r-devel-windows-x86_64-new-UL 0.1.0 50.00 136.00 186.00 NOTE
r-patched-linux-x86_64 0.1.0 38.52 83.90 122.42 NOTE
r-release-linux-x86_64 0.1.0 40.65 80.37 121.02 NOTE
r-release-macos-arm64 0.1.0 NOTE
r-release-macos-x86_64 0.1.0 NOTE
r-release-windows-ix86+x86_64 0.1.0 120.00 138.00 258.00 NOTE
r-oldrel-macos-x86_64 0.1.0 OK
r-oldrel-windows-ix86+x86_64 0.1.0 119.00 140.00 259.00 OK

Additional issues

clang14

Check Details

Version: 0.1.0
Check: whether package can be installed
Result: WARN
    Found the following significant warnings:
     decline_interface.cpp:34:8: warning: use of bitwise '|' with boolean operands [-Wbitwise-instead-of-logical]
Flavors: r-devel-linux-x86_64-debian-clang, r-devel-linux-x86_64-fedora-clang

Version: 0.1.0
Check: LazyData
Result: NOTE
     'LazyData' is specified without a 'data' directory
Flavors: r-devel-linux-x86_64-debian-clang, r-devel-linux-x86_64-debian-gcc, r-devel-linux-x86_64-fedora-clang, r-devel-linux-x86_64-fedora-gcc, r-devel-windows-x86_64-new-UL, r-patched-linux-x86_64, r-release-linux-x86_64, r-release-macos-arm64, r-release-macos-x86_64, r-release-windows-ix86+x86_64