CRAN Package Check Results for Package RcppSMC

Last updated on 2022-04-08 01:48:56 CEST.

Flavor Version Tinstall Tcheck Ttotal Status Flags
r-devel-linux-x86_64-debian-clang 0.2.6 134.51 45.55 180.06 OK
r-devel-linux-x86_64-debian-gcc 0.2.6 111.13 33.24 144.37 OK
r-devel-linux-x86_64-fedora-clang 0.2.6 260.43 NOTE
r-devel-linux-x86_64-fedora-gcc 0.2.6 225.75 OK
r-devel-windows-x86_64-new-UL 0.2.6 103.00 93.00 196.00 OK
r-patched-linux-x86_64 0.2.6 117.81 41.87 159.68 OK
r-release-linux-x86_64 0.2.6 119.95 40.37 160.32 OK
r-release-macos-arm64 0.2.6 NOTE
r-release-macos-x86_64 0.2.6 NOTE
r-release-windows-ix86+x86_64 0.2.6 315.00 85.00 400.00 OK
r-oldrel-macos-x86_64 0.2.6 NOTE
r-oldrel-windows-ix86+x86_64 0.2.6 315.00 84.00 399.00 OK

Check Details

Version: 0.2.6
Check: installed package size
Result: NOTE
     installed size is 5.0Mb
     sub-directories of 1Mb or more:
     libs 4.7Mb
Flavors: r-devel-linux-x86_64-fedora-clang, r-release-macos-arm64, r-release-macos-x86_64, r-oldrel-macos-x86_64