CRAN Package Check Results for Package RcppHMM

Last updated on 2022-04-08 01:48:56 CEST.

Flavor Version Tinstall Tcheck Ttotal Status Flags
r-devel-linux-x86_64-debian-clang 1.2.2 98.35 39.62 137.97 OK
r-devel-linux-x86_64-debian-gcc 1.2.2 77.16 31.17 108.33 OK
r-devel-linux-x86_64-fedora-clang 1.2.2 202.25 OK
r-devel-linux-x86_64-fedora-gcc 1.2.2 175.05 OK
r-devel-windows-x86_64-new-UL 1.2.2 78.00 86.00 164.00 OK
r-patched-linux-x86_64 1.2.2 81.36 38.77 120.13 OK
r-release-linux-x86_64 1.2.2 89.94 37.09 127.03 OK
r-release-macos-arm64 1.2.2 NOTE
r-release-macos-x86_64 1.2.2 NOTE
r-release-windows-ix86+x86_64 1.2.2 230.00 81.00 311.00 OK
r-oldrel-macos-x86_64 1.2.2 NOTE
r-oldrel-windows-ix86+x86_64 1.2.2 228.00 85.00 313.00 OK

Check Details

Version: 1.2.2
Check: installed package size
Result: NOTE
     installed size is 6.3Mb
     sub-directories of 1Mb or more:
     libs 6.1Mb
Flavors: r-release-macos-arm64, r-release-macos-x86_64, r-oldrel-macos-x86_64