CRAN Package Check Results for Package RcppEigenAD

Last updated on 2022-04-08 01:48:56 CEST.

Flavor Version Tinstall Tcheck Ttotal Status Flags
r-devel-linux-x86_64-debian-clang 1.0.0 28.06 58.27 86.33 OK
r-devel-linux-x86_64-debian-gcc 1.0.0 19.29 44.70 63.99 OK
r-devel-linux-x86_64-fedora-clang 1.0.0 112.42 NOTE
r-devel-linux-x86_64-fedora-gcc 1.0.0 91.89 NOTE
r-devel-windows-x86_64-new-UL 1.0.0 190.00 98.00 288.00 OK
r-patched-linux-x86_64 1.0.0 17.11 56.10 73.21 OK
r-release-linux-x86_64 1.0.0 20.48 53.02 73.50 OK
r-release-macos-arm64 1.0.0 NOTE
r-release-macos-x86_64 1.0.0 NOTE
r-release-windows-ix86+x86_64 1.0.0 66.00 98.00 164.00 OK
r-oldrel-macos-x86_64 1.0.0 NOTE
r-oldrel-windows-ix86+x86_64 1.0.0 67.00 99.00 166.00 OK

Check Details

Version: 1.0.0
Check: dependencies in R code
Result: NOTE
    Namespace in Imports field not imported from: ‘RcppEigen’
     All declared Imports should be used.
Flavors: r-devel-linux-x86_64-fedora-clang, r-devel-linux-x86_64-fedora-gcc, r-release-macos-arm64, r-release-macos-x86_64, r-oldrel-macos-x86_64