CRAN Package Check Results for Package RcppDist

Last updated on 2022-04-08 01:48:56 CEST.

Flavor Version Tinstall Tcheck Ttotal Status Flags
r-devel-linux-x86_64-debian-clang 0.1.1 49.32 46.79 96.11 NOTE
r-devel-linux-x86_64-debian-gcc 0.1.1 45.74 36.47 82.21 NOTE
r-devel-linux-x86_64-fedora-clang 0.1.1 140.57 NOTE
r-devel-linux-x86_64-fedora-gcc 0.1.1 122.56 NOTE
r-devel-windows-x86_64-new-UL 0.1.1 155.00 103.00 258.00 NOTE
r-patched-linux-x86_64 0.1.1 43.58 45.94 89.52 NOTE
r-release-linux-x86_64 0.1.1 47.34 44.81 92.15 NOTE
r-release-macos-arm64 0.1.1 NOTE
r-release-macos-x86_64 0.1.1 NOTE
r-release-windows-ix86+x86_64 0.1.1 127.00 93.00 220.00 NOTE
r-oldrel-macos-x86_64 0.1.1 OK
r-oldrel-windows-ix86+x86_64 0.1.1 126.00 100.00 226.00 OK

Check Details

Version: 0.1.1
Check: LazyData
Result: NOTE
     'LazyData' is specified without a 'data' directory
Flavors: r-devel-linux-x86_64-debian-clang, r-devel-linux-x86_64-debian-gcc, r-devel-linux-x86_64-fedora-clang, r-devel-linux-x86_64-fedora-gcc, r-devel-windows-x86_64-new-UL, r-patched-linux-x86_64, r-release-linux-x86_64, r-release-macos-arm64, r-release-macos-x86_64, r-release-windows-ix86+x86_64

Version: 0.1.1
Check: installed package size
Result: NOTE
     installed size is 5.2Mb
     sub-directories of 1Mb or more:
     libs 4.7Mb
Flavor: r-release-macos-arm64