CRAN Package Check Results for Package RcppClassic

Last updated on 2022-04-08 01:48:56 CEST.

Flavor Version Tinstall Tcheck Ttotal Status Flags
r-devel-linux-x86_64-debian-clang 0.9.12 88.11 41.58 129.69 OK
r-devel-linux-x86_64-debian-gcc 0.9.12 65.28 32.18 97.46 OK
r-devel-linux-x86_64-fedora-clang 0.9.12 205.56 NOTE
r-devel-linux-x86_64-fedora-gcc 0.9.12 154.30 OK
r-devel-windows-x86_64-new-UL 0.9.12 106.00 137.00 243.00 OK
r-patched-linux-x86_64 0.9.12 70.10 39.62 109.72 OK
r-release-linux-x86_64 0.9.12 66.63 37.92 104.55 OK
r-release-macos-arm64 0.9.12 WARN
r-release-macos-x86_64 0.9.12 WARN
r-release-windows-ix86+x86_64 0.9.12 218.00 177.00 395.00 OK
r-oldrel-macos-x86_64 0.9.12 WARN
r-oldrel-windows-ix86+x86_64 0.9.12 219.00 174.00 393.00 OK

Check Details

Version: 0.9.12
Check: installed package size
Result: NOTE
     installed size is 5.4Mb
     sub-directories of 1Mb or more:
     lib 3.8Mb
     libs 1.2Mb
Flavor: r-devel-linux-x86_64-fedora-clang

Version: 0.9.12
Check: whether package can be installed
Result: WARN
    Found the following significant warnings:
     WARNING: shared objects/dynamic libraries with hard-coded temporary installation paths
Flavors: r-release-macos-arm64, r-release-macos-x86_64, r-oldrel-macos-x86_64