Last updated on 2022-04-08 01:48:56 CEST.
Flavor | Version | Tinstall | Tcheck | Ttotal | Status | Flags |
---|---|---|---|---|---|---|
r-devel-linux-x86_64-debian-clang | 0.1.0 | 76.36 | 86.57 | 162.93 | OK | |
r-devel-linux-x86_64-debian-gcc | 0.1.0 | 66.20 | 64.94 | 131.14 | OK | |
r-devel-linux-x86_64-fedora-clang | 0.1.0 | 217.38 | NOTE | |||
r-devel-linux-x86_64-fedora-gcc | 0.1.0 | 195.92 | OK | |||
r-devel-windows-x86_64-new-UL | 0.1.0 | 82.00 | 130.00 | 212.00 | OK | |
r-patched-linux-x86_64 | 0.1.0 | 68.72 | 83.35 | 152.07 | OK | |
r-release-linux-x86_64 | 0.1.0 | 58.94 | 77.30 | 136.24 | OK | |
r-release-macos-arm64 | 0.1.0 | NOTE | ||||
r-release-macos-x86_64 | 0.1.0 | NOTE | ||||
r-release-windows-ix86+x86_64 | 0.1.0 | 164.00 | 141.00 | 305.00 | OK | |
r-oldrel-macos-x86_64 | 0.1.0 | NOTE | ||||
r-oldrel-windows-ix86+x86_64 | 0.1.0 | 166.00 | 138.00 | 304.00 | OK |
Version: 0.1.0
Check: installed package size
Result: NOTE
installed size is 6.5Mb
sub-directories of 1Mb or more:
libs 6.2Mb
Flavors: r-devel-linux-x86_64-fedora-clang, r-release-macos-arm64, r-release-macos-x86_64, r-oldrel-macos-x86_64